{"id":132,"date":"2019-01-20T22:16:37","date_gmt":"2019-01-20T22:16:37","guid":{"rendered":"http:\/\/www.femsantandreu.cat\/?page_id=132"},"modified":"2019-01-20T22:16:37","modified_gmt":"2019-01-20T22:16:37","slug":"avis-legal","status":"publish","type":"page","link":"https:\/\/femsantandreu.cat\/index.php\/avis-legal\/","title":{"rendered":"Av\u00eds legal"},"content":{"rendered":"\n<p>\u00daltima data d\u2019actualitzaci\u00f3: 5 d&#8217;octubre de 2018.<br><br><strong>Titularitat<\/strong><br>En compliment del que estableix la Llei 34\/2002, d\u201911 de juliol, de serveis de la societat de la informaci\u00f3 i del comer\u00e7 electr\u00f2nic, s\u2019informa que l\u2019entitat titular del lloc web allotjat a la URL www.femsantandreu.cat \u00e9s Esquerra Republicana de Catalunya, organitzaci\u00f3 inscrita al Registre de Partits Pol\u00edtics, en data 2 d\u2019agost de 1977, en el foli 208, tom I del Llibre d\u2019Inscripcions, amb domicili a Barcelona (08015), al carrer Cal\u00e0bria n\u00famero 166, amb CIF n\u00fam. G-08678120, tel\u00e8fon 934536005, a\/e:\u00a0legal@esquerra.cat.<br><br><strong>Condicions d&#8217;\u00fas del lloc web<\/strong><br>Mitjan\u00e7ant l&#8217;acceptaci\u00f3 d\u2019aquestes condicions d\u2019\u00fas, les persones usu\u00e0ries es comprometen a utilitzar aquest lloc web i els serveis oferts, de forma l\u00edcita, d&#8217;acord amb el que disposen aquestes cl\u00e0usules, i de manera que no produeixin un perjudici en els drets o interessos de persones terceres o que puguin danyar o produir un \u00fas anormal del lloc web o dels serveis que s\u2019hi presten.<br>Tot acc\u00e9s a aquest lloc web resta subjecte a les condicions seg\u00fcents:<\/p>\n\n\n\n<ul class=\"wp-block-list\"><li>L\u2019acc\u00e9s i l\u2019\u00fas del lloc web s\u00f3n lliures i gratu\u00efts. Tanmateix, Esquerra Republicana es reserva la possibilitat de restringir-ne determinades seccions per a les finalitats que estimi oportunes.<\/li><li>La totalitat de la informaci\u00f3 facilitada per l\u2019usuari o usu\u00e0ria a trav\u00e9s d\u2019aquest lloc web haur\u00e0 de ser certa, de manera que la persona usu\u00e0ria garantir\u00e0 l\u2019autenticitat de les dades que hagi comunicat a Esquerra Republicana mitjan\u00e7ant els formularis d\u2019aquest lloc web. La persona usu\u00e0ria es responsabilitza de mantenir la informaci\u00f3 facilitada permanentment actualitzada, de manera que es correspongui a cada moment amb la seva situaci\u00f3 present. En qualsevol cas, l\u2019usuari o usu\u00e0ria ser\u00e0 l\u2019\u00fanica persona responsable de la informaci\u00f3 inexacta o falsa que hagi proporcionat, aix\u00ed com del perjudici que aquesta informaci\u00f3 provoqui a Esquerra Republicana o a tercers.<\/li><li>L\u2019usuari o usu\u00e0ria es compromet a fer un \u00fas adequat del lloc web, amb total subjecci\u00f3 a la llei i als bons costums, i a mantenir el degut respecte a les altres persones usu\u00e0ries.<\/li><li>Resta prohibit qualsevol \u00fas comercial del lloc web.<\/li><li>L\u2019usuari o usu\u00e0ria s\u2019obliga a no utilitzar cap dels documents, imatges i informacions contingudes en aquest lloc web amb finalitats il\u00b7l\u00edcites, expressament prohibides en aquestes condicions d\u2019\u00fas i\/o contr\u00e0ries als drets i interessos d\u2019Esquerra Republicana, d\u2019algun dels seus membres i\/o tercers, i hi respondr\u00e0 en cas d\u2019incomplir aquesta obligaci\u00f3.<\/li><li>La persona usu\u00e0ria es compromet a no malmetre, inutilitzar, sobrecarregar, deteriorar o impedir la utilitzaci\u00f3 normal dels materials i informacions continguts en aquest lloc web ni dels sistemes d\u2019informaci\u00f3 o els documents, arxius i qualsevol contingut emmagatzemat a qualsevol equip inform\u00e0tic d\u2019Esquerra Republicana, dels seus membres o de qualsevol usuari o usu\u00e0ria del lloc web.<\/li><li>Resta prohibida la modificaci\u00f3 i\/o explotaci\u00f3 del lloc web i els seus continguts.<\/li><li>Esquerra Republicana no garanteix que el lloc web i el servidor estiguin lliures de virus i no es fa responsable dels danys causats per l\u2019acc\u00e9s al lloc web o per la impossibilitat d\u2019accedir-hi.<\/li><li>L&#8217;\u00fas d&#8217;aquest lloc web implica l&#8217;acceptaci\u00f3 plena i sense reserves dels termes i condicions continguts en el present av\u00eds legal.<\/li><\/ul>\n\n\n\n<p><br><strong>Condicions de registre d&#8217;usuari<\/strong><br>Amb car\u00e0cter general, per l\u2019acc\u00e9s als continguts del lloc web no \u00e9s necessari el Registre d&#8217;Usuari. No obstant aix\u00f2, la utilitzaci\u00f3 de determinats serveis, com per exemple els que impliquen la publicaci\u00f3 de continguts, est\u00e0 condicionada al registre previ d&#8217;usuari.<br>Les dades introdu\u00efdes per l\u2019usuari, hauran de ser exactes, actuals i veraces en tot moment. En cas contrari, es considerar\u00e0 una vulneraci\u00f3 de les presents condicions i d\u2019aix\u00f2 en podr\u00e0 resultar la terminaci\u00f3 immediata del compte d\u2019usuari.<br>L\u2019usuari o usu\u00e0ria registrat ser\u00e0 responsable en tot moment de la cust\u00f2dia de la seva contrasenya, assumint en conseq\u00fc\u00e8ncia qualsevol dany i perjudici que pogu\u00e9s derivar-se del seu \u00fas indegut, aix\u00ed com de la cessi\u00f3, revelaci\u00f3 o p\u00e8rdua de la mateixa. A aquests efectes, l\u2019acc\u00e9s a \u00e0rees restringides i\/o l\u2019\u00fas dels serveis i continguts realitzats mitjan\u00e7ant la contrasenya d\u2019una persona usu\u00e0ria es reputaran realitzats per aquesta persona, la qual respondr\u00e0 en tot cas d\u2019aquest acc\u00e9s i \u00fas.<br>Esquerra Republicana es reserva el dret d\u2019anul\u00b7lar el compte d\u2019aquelles persones usu\u00e0ries que facin un \u00fas inapropiat del mateix o no respectin les observacions i prohibicions previstes per aquestes condicions.<br><br><strong>Privadesa de les dades<\/strong><br>Esquerra Republicana es compromet a fer un \u00fas responsable i confidencial de les dades, garanteix que es tractaran d\u2019acord amb la legislaci\u00f3 vigent en cada moment i que aquestes dades tan sols s\u2019utilitzaran amb la finalitat indicada en cada cas.<br>La persona usu\u00e0ria respondr\u00e0, en tot cas, de la veracitat de les dades facilitades, i Esquerra Republicana es reservar\u00e0 el dret a excloure dels serveis registrats tot aquell usuari o usu\u00e0ria que hagi facilitat dades falses, sense perjudici d\u2019aquelles accions legals que puguin ser procedents.<br>La Pol\u00edtica de protecci\u00f3 de dades d\u2019Esquerra Republicana es pot consultar en el seg\u00fcent enlla\u00e7 (<a href=\"https:\/\/www.esquerra.cat\/ca\/politicaprotecciodades\">https:\/\/www.esquerra.cat\/ca\/politicaprotecciodades<\/a>).<br><br><br><br><strong>Pol\u00edtica de cookies (galetes)<\/strong><br>Esquerra Republicana utilitza cookies pr\u00f2pies i de tercers destinades a millorar el funcionament i la visualitzaci\u00f3 del lloc web, aix\u00ed com l\u2019experi\u00e8ncia d\u2019usuari. En cap cas les cookies o altres mitjans de naturalesa an\u00e0loga que es puguin utilitzar, serviran per emmagatzemar informaci\u00f3 que permeti identificar la persona f\u00edsica usu\u00e0ria.<br>Amb l\u2019acc\u00e9s al lloc web d\u2019Esquerra Republicana, l\u2019usuari consent l&#8217;\u00fas de cookies en aquest lloc web, les quals registren dades estad\u00edstiques an\u00f2nimes durant la navegaci\u00f3, conforme al Reial decret llei 13\/2012, de 30 de mar\u00e7.<br>La Pol\u00edtica de cookies d\u2019Esquerra Republicana es pot consultar en el seg\u00fcent enlla\u00e7 (<a href=\"https:\/\/www.esquerra.cat\/ca\/politicadecookies\">https:\/\/www.esquerra.cat\/ca\/politicadecookies<\/a>).<br><br><strong>Protecci\u00f3 dels drets de propietat intel\u00b7lectual i industrial<\/strong><br>S\u00f3n titularitat d&#8217;Esquerra Republicana els drets de propietat intel\u00b7lectual i industrial d&#8217;aquest lloc web, que inclou els continguts i elements gr\u00e0fics, el seu codi font, disseny, estructura de navegaci\u00f3, bases de dades i altres elements que formen part del lloc web. Per tant, correspon a Esquerra Republicana l&#8217;exercici, en exclusiva, dels drets d&#8217;explotaci\u00f3 en qualsevol forma i, en concret, dels drets de reproducci\u00f3, distribuci\u00f3, comunicaci\u00f3 p\u00fablica i transformaci\u00f3. Qualsevol \u00fas o reproducci\u00f3 que les persones usu\u00e0ries facin d&#8217;aquests continguts, o d&#8217;altres que s&#8217;hi puguin incloure en el futur, s&#8217;han de fer seguint les previsions i respectant les limitacions de la normativa de propietat intel\u00b7lectual i en qualsevol cas amb l&#8217;autoritzaci\u00f3 d&#8217;Esquerra Republicana, sense perjudici dels l\u00edmits que estableix el reial decret legislatiu 1\/1996, del 12 d&#8217;abril, pel qual s&#8217;aprova el text ref\u00f3s de la llei de propietat intel\u00b7lectual.<br>Igualment, existeixen textos, imatges i logos de terceres parts que es troben protegides per la legislaci\u00f3 de propietat intel\u00b7lectual i industrial. Els drets de propietat intel\u00b7lectual dels articles i textos facilitats per aquest lloc web, pertanyen als seus respectius autors o mitjans de comunicaci\u00f3.<br><br><strong>Reserva de drets<\/strong><br>Esquerra Republicana explicita una reserva de drets amb car\u00e0cter general respecte al conjunt dels continguts difosos en el lloc web que s\u00f3n objecte de propietat intel\u00b7lectual i industrial. D&#8217;acord amb el previst a l&#8217;article 32 del text ref\u00f3s de la llei de propietat intel\u00b7lectual, Esquerra Republicana s&#8217;oposa expressament a la utilitzaci\u00f3 de qualsevol dels continguts de les seves publicacions en qualsevol format, amb la finalitat de fer ressenyes o revistes de premsa amb finalitat comercial, sense la pr\u00e8via autoritzaci\u00f3 expressa d&#8217;Esquerra Republicana. Aquest av\u00eds legal no suposa cap cessi\u00f3 de drets a favor de l&#8217;usuari en relaci\u00f3 a cap dels elements integrants del lloc web o dels seus continguts.<br><br>No s\u2019autoritza en cap cas:<\/p>\n\n\n\n<ul class=\"wp-block-list\"><li>La presentaci\u00f3 d&#8217;aquest lloc web o qualsevol contingut de les seves p\u00e0gines en una finestra que no pertanyi a aquest lloc web per mitj\u00e0 de qualsevol t\u00e8cnica o procediment incloent-hi framing, in line linking, etc.<\/li><li>Una extracci\u00f3 d&#8217;elements del lloc web que causi perjudici a Esquerra Republicana conforme a les disposicions vigents.<\/li><li>L&#8217;\u00fas comercial dels continguts d&#8217;aquest lloc web<\/li><li>L&#8217;\u00fas de marques o signes distintius, logotips, combinacions de colors, estructura, disseny i, en general, s\u00edmbols distintius de qualsevol naturalesa, propietat d&#8217;Esquerra Republicana, sense el coneixement i l&#8217;autoritzaci\u00f3 corresponent de l&#8217;entitat.<\/li><li>L&#8217;\u00fas de continguts en activitats il\u00b7l\u00edcites, il\u00b7legals o contr\u00e0ries a la bona fe i l&#8217;ordre p\u00fablic.<\/li><li>Difondre continguts o propaganda de car\u00e0cter racista o xen\u00f2fob, pornogr\u00e0fic, il\u00b7legal o que atempti contra els drets humans.<\/li><li>Provocar danys en els sistemes f\u00edsics i l\u00f2gics d&#8217;Esquerra Republicana, dels seus prove\u00efdors o de terceres persones; introduir o difondre a la xarxa virus inform\u00e0tics o altres sistemes f\u00edsics o l\u00f2gics que siguin susceptibles de provocar danys.<\/li><li>Intentar accedir i, en el seu cas, utilitzar els comptes de correu electr\u00f2nic d&#8217;altres usuaris i modificar o manipular els seus missatges.<\/li><li>La persona usu\u00e0ria podr\u00e0 visualitzar els continguts d&#8217;aquest lloc web, copiar-los, imprimir-los en el seu ordinador o qualsevol altre suport nom\u00e9s per al seu \u00fas personal i privat.<\/li><\/ul>\n\n\n\n<p><br><strong>Exclusi\u00f3 de responsabilitat<\/strong><br>Esquerra Republicana no es responsabilitza dels danys i perjudicis que pugui provocar la falta d\u2019exactitud, autenticitat, exhaustivitat i actualitat de la informaci\u00f3 continguda en aquest lloc web, ni dels danys causats per qualsevol error o omissi\u00f3 en qu\u00e8 puguin inc\u00f3rrer tant la informaci\u00f3 i manifestacions publicades en aquest lloc web com la informaci\u00f3 obtinguda a trav\u00e9s d\u2019enlla\u00e7os a sistemes externs als quals es pugui accedir.<br>Esquerra Republicana no assumeix cap deure o comprom\u00eds de verificar ni de vigilar els continguts i\/o informacions de les p\u00e0gines web a les quals s\u2019accedeixi mitjan\u00e7ant links o enlla\u00e7os a sistemes i llocs web externs.<br>Esquerra Republicana no garanteix la disponibilitat, continu\u00eftat ni la infal\u00b7libilitat del funcionament del lloc web i, per tant, exclou, dins el marc legal vigent, qualsevol responsabilitat pels danys i perjudicis causats per la falta de disponibilitat o de continu\u00eftat del funcionament del lloc web i dels seus serveis habilitats, aix\u00ed com per les dificultats en l&#8217;acc\u00e9s a les diferents p\u00e0gines web o a aquelles des de les quals, en el seu cas, es prestin determinats serveis.<br>Esquerra Republicana no garanteix que el lloc web i el servidor estiguin lliures de virus o altres elements lesius que poguessin malmetre o produir alteracions en el sistema inform\u00e0tic, en els documents electr\u00f2nics o en els fitxers de la persona usu\u00e0ria enviats a tercers. Per aix\u00f2, declina tota responsabilitat pels danys inform\u00e0tics o d&#8217;altres tipus causats per l\u2019acc\u00e9s al lloc web o per la impossibilitat d\u2019accedir-hi.<br><br><strong>Comentaris<\/strong><br>Les persones usu\u00e0ries del lloc web d\u2019Esquerra Republicana podran realitzar comentaris a les not\u00edcies i continguts publicats, directament des de les xarxes socials Facebook i Twitter. Tots els comentaris referents a qualsevol informaci\u00f3 apareguda al lloc web d\u2019Esquerra Republicana s\u00f3n \u00fanicament i exclusiva responsabilitat de les persones usu\u00e0ries que els realitzen, i en cap cas seran responsabilitat d\u2019Esquerra Republicana.<br>Esquerra Republicana no subscriu els continguts o les opinions dels comentaris realitzats per les persones usu\u00e0ries de la p\u00e0gina web d\u2019Esquerra Republicana, i per tant, Esquerra Republicana queda exclosa expressament de qualsevol tipus de responsabilitat relacionada amb aquests comentaris.<br><br><strong>Continguts<\/strong><br>Les persones usu\u00e0ries del lloc web d\u2019Esquerra Republicana podran enviar continguts. L\u2019usuari o usu\u00e0ria ent\u00e9n que, amb independ\u00e8ncia de qu\u00e8 aquests continguts siguin publicats, Esquerra Republicana no garanteix cap tipus de confidencialitat respecte aquests continguts.<br>L\u2019usuari o usu\u00e0ria que hagi enviat continguts al lloc web d\u2019Esquerra Republicana seguir\u00e0 sent el titular dels drets relatius al seu contingut, si b\u00e9 atorga uns drets de llic\u00e8ncia limitats a favor d\u2019Esquerra Republicana. En el moment de carregar o publicar continguts en una p\u00e0gina web d\u2019Esquerra Republicana, l\u2019usuari o usu\u00e0ria est\u00e0 atorgant a favor d\u2019Esquerra Republicana una llic\u00e8ncia mundial, no exclusiva, exempta de roialtis i transferible (amb dret de subllic\u00e8ncia) per a utilitzar, reproduir, distribuir, realitzar obres derivades, mostrar i executar aquell contingut, en relaci\u00f3 amb els serveis prestats al lloc web d\u2019Esquerra Republicana.<br>L\u2019usuari o usu\u00e0ria reconeix i accepta ser l\u2019\u00fanic responsable del seu contingut i de les conseq\u00fc\u00e8ncies de la seva publicaci\u00f3. Esquerra Republicana no subscriu cap contingut ni cap opini\u00f3, recomanaci\u00f3 o consell expressat en relaci\u00f3 amb el mateix, i per tant Esquerra Republicana queda exclosa expressament de qualsevol tipus de responsabilitat relacionada amb aquest contingut.<br>L\u2019usuari o usu\u00e0ria manifesta i garanteix que \u00e9s titular (i que ho seguir\u00e0 sent mentre utilitzi els serveis prestats per al lloc web d\u2019Esquerra Republicana) de totes les llic\u00e8ncies i tots els drets, consentiments i permisos necessaris per a permetre a Esquerra Republicana utilitzar el seu contingut a efectes de la prestaci\u00f3 del servei i per a qualsevol altra finalitat d\u2019acord amb la forma contemplada al servei i en el present av\u00eds legal.<br>L\u2019usuari o usu\u00e0ria s\u2019obliga a no publicar o carregar cap contingut o imatge que incorpori material la possessi\u00f3 del qual sigui il\u00b7legal, o la utilitzaci\u00f3 del qual sigui il\u00b7legal, o la utilitzaci\u00f3 o possessi\u00f3 del qual contravingui la normativa d\u2019Esquerra Republicana.<br>L\u2019usuari o usu\u00e0ria s\u2019obliga a qu\u00e8 el contingut proporcionat no incorpori material subjecte a drets de propietat intel\u00b7lectual de tercers o d\u2019imatge, o material subjecte a altres drets de propietat industrial de tercers (inclosos els drets d\u2019exclusivitat o publicitat), excepte quan el titular legal d\u2019aquests drets hagi atorgat una llic\u00e8ncia o autoritzaci\u00f3 formal a favor de l\u2019usuari o usu\u00e0ria, o aquest estigui legalment autoritzat, per qualsevol altre mitj\u00e0, per publicar el material en q\u00fcesti\u00f3 i per atorgar a Esquerra Republicana la llic\u00e8ncia indicada en aquest apartat.<br>Quan Esquerra Republicana tingui coneixement de qualsevol possible incompliment del present apartat de l\u2019av\u00eds legal, es reserva el dret a decidir si els continguts proporcionats compleixen els requisits estipulats i podr\u00e0 no publicar o eliminar aquest contingut infractor en qualsevol moment, sense necessitat de previ av\u00eds i a elecci\u00f3 seva exclusivament.<br><br><strong>Jurisdicci\u00f3 competent<\/strong><br>Per a la resoluci\u00f3 de qualsevol q\u00fcesti\u00f3, diverg\u00e8ncia, conflicte o problema que sorgeixi amb motiu o com a conseq\u00fc\u00e8ncia de la interpretaci\u00f3, aplicaci\u00f3 i compliment de la present pol\u00edtica, amb ren\u00fancia expressa a qualsevol altre fur aplicable, i sense perjudici de la compet\u00e8ncia que en resulti per ministeri de la llei, l\u2019usuari o usu\u00e0ria se sotmet volunt\u00e0riament i d\u2019una manera expressa als Jutjats i Tribunals de la ciutat de Barcelona.<\/p>\n<!-- AddThis Advanced Settings generic via filter on the_content --><!-- AddThis Share Buttons generic via filter on the_content -->","protected":false},"excerpt":{"rendered":"<p>\u00daltima data d\u2019actualitzaci\u00f3: 5 d&#8217;octubre de 2018. TitularitatEn compliment del que estableix la Llei 34\/2002, d\u201911 de juliol, de serveis de la societat de la informaci\u00f3 i del comer\u00e7 electr\u00f2nic, s\u2019informa que l\u2019entitat titular del lloc web allotjat a la URL www.femsantandreu.cat \u00e9s Esquerra Republicana de Catalunya, organitzaci\u00f3 inscrita al [&hellip;]<!-- AddThis Advanced Settings generic via filter on get_the_excerpt --><!-- AddThis Share Buttons generic via filter on get_the_excerpt --><\/p>\n","protected":false},"author":3,"featured_media":0,"parent":0,"menu_order":0,"comment_status":"closed","ping_status":"closed","template":"","meta":{"_eb_attr":"","_monsterinsights_skip_tracking":false,"_monsterinsights_sitenote_active":false,"_monsterinsights_sitenote_note":"","_monsterinsights_sitenote_category":0,"_uf_show_specific_survey":0,"_uf_disable_surveys":false,"ngg_post_thumbnail":0,"footnotes":"","_links_to":"","_links_to_target":""},"class_list":["post-132","page","type-page","status-publish","hentry"],"aioseo_notices":[],"_links":{"self":[{"href":"https:\/\/femsantandreu.cat\/index.php\/wp-json\/wp\/v2\/pages\/132","targetHints":{"allow":["GET"]}}],"collection":[{"href":"https:\/\/femsantandreu.cat\/index.php\/wp-json\/wp\/v2\/pages"}],"about":[{"href":"https:\/\/femsantandreu.cat\/index.php\/wp-json\/wp\/v2\/types\/page"}],"author":[{"embeddable":true,"href":"https:\/\/femsantandreu.cat\/index.php\/wp-json\/wp\/v2\/users\/3"}],"replies":[{"embeddable":true,"href":"https:\/\/femsantandreu.cat\/index.php\/wp-json\/wp\/v2\/comments?post=132"}],"version-history":[{"count":0,"href":"https:\/\/femsantandreu.cat\/index.php\/wp-json\/wp\/v2\/pages\/132\/revisions"}],"wp:attachment":[{"href":"https:\/\/femsantandreu.cat\/index.php\/wp-json\/wp\/v2\/media?parent=132"}],"curies":[{"name":"wp","href":"https:\/\/api.w.org\/{rel}","templated":true}]}}