{"id":362,"date":"2019-05-08T06:13:01","date_gmt":"2019-05-08T06:13:01","guid":{"rendered":"http:\/\/www.femsantandreu.cat\/?page_id=362"},"modified":"2023-05-01T22:51:11","modified_gmt":"2023-05-01T21:51:11","slug":"equip-de-fem-sant-andreu","status":"publish","type":"page","link":"https:\/\/femsantandreu.cat\/index.php\/candidatura\/equip-de-fem-sant-andreu\/","title":{"rendered":"L&#8217;equip de Fem Sant Andreu"},"content":{"rendered":"\r\n<p>Coneix els i les candidates de la coalici\u00f3 municipalista de Fem Sant Andreu per a les pr\u00f2ximes eleccions municipals del 28 de Maig de 2023.<\/p>\r\n<p><span>?Passa p\u00e0gina per&nbsp;<\/span><span class=\"hiddenSpellError\" onkeypress=\"MORFOLOGIK_RULE_CA_ES---#---0---#---Possible error ortogr\u00e0fic.---#---con\u00e8ixer#coneix#coneixem#coneixia#coneixen#coneixeu#coneixes#Soneixa#connexa#con\u00e9ixer---#---con\u00e8ixe---#---Passa p\u00e0gina per con\u00e8ixe'ls a totes i tos---#---17\">con\u00e8ixe<\/span><span>&#8216;ls a totes i tots<\/span>??<\/p>\r\n<a href=\"https:\/\/femsantandreu.cat\/wp-content\/uploads\/2023\/05\/Perfils-candidats-i-candidates-2023.pdf\" class=\"pdfemb-viewer\" style=\"\" data-width=\"max\" data-height=\"max\" data-toolbar=\"both\" data-toolbar-fixed=\"on\">Perfils candidats i candidates 2023<\/a>\r\n\r\n\r\n<!-- AddThis Advanced Settings generic via filter on the_content --><!-- AddThis Share Buttons generic via filter on the_content -->","protected":false},"excerpt":{"rendered":"<p>Coneix els i les candidates de la coalici\u00f3 municipalista de Fem Sant Andreu per a les pr\u00f2ximes eleccions municipals del 28 de Maig de 2023. ?Passa p\u00e0gina per&nbsp;con\u00e8ixe&#8216;ls a totes i tots??<!-- AddThis Advanced Settings generic via filter on get_the_excerpt --><!-- AddThis Share Buttons generic via filter on get_the_excerpt --><\/p>\n","protected":false},"author":3,"featured_media":0,"parent":349,"menu_order":0,"comment_status":"closed","ping_status":"closed","template":"","meta":{"_eb_attr":"","_monsterinsights_skip_tracking":false,"_monsterinsights_sitenote_active":false,"_monsterinsights_sitenote_note":"","_monsterinsights_sitenote_category":0,"_uf_show_specific_survey":0,"_uf_disable_surveys":false,"ngg_post_thumbnail":0,"footnotes":"","_links_to":"","_links_to_target":""},"class_list":["post-362","page","type-page","status-publish","hentry"],"aioseo_notices":[],"_links":{"self":[{"href":"https:\/\/femsantandreu.cat\/index.php\/wp-json\/wp\/v2\/pages\/362","targetHints":{"allow":["GET"]}}],"collection":[{"href":"https:\/\/femsantandreu.cat\/index.php\/wp-json\/wp\/v2\/pages"}],"about":[{"href":"https:\/\/femsantandreu.cat\/index.php\/wp-json\/wp\/v2\/types\/page"}],"author":[{"embeddable":true,"href":"https:\/\/femsantandreu.cat\/index.php\/wp-json\/wp\/v2\/users\/3"}],"replies":[{"embeddable":true,"href":"https:\/\/femsantandreu.cat\/index.php\/wp-json\/wp\/v2\/comments?post=362"}],"version-history":[{"count":4,"href":"https:\/\/femsantandreu.cat\/index.php\/wp-json\/wp\/v2\/pages\/362\/revisions"}],"predecessor-version":[{"id":17304,"href":"https:\/\/femsantandreu.cat\/index.php\/wp-json\/wp\/v2\/pages\/362\/revisions\/17304"}],"up":[{"embeddable":true,"href":"https:\/\/femsantandreu.cat\/index.php\/wp-json\/wp\/v2\/pages\/349"}],"wp:attachment":[{"href":"https:\/\/femsantandreu.cat\/index.php\/wp-json\/wp\/v2\/media?parent=362"}],"curies":[{"name":"wp","href":"https:\/\/api.w.org\/{rel}","templated":true}]}}