{"id":94,"date":"2019-01-15T23:31:07","date_gmt":"2019-01-15T23:31:07","guid":{"rendered":"http:\/\/www.femsantandreu.cat\/index.php\/politica-de-cookies\/"},"modified":"2019-01-15T23:34:15","modified_gmt":"2019-01-15T23:34:15","slug":"politica-de-cookies","status":"publish","type":"page","link":"https:\/\/femsantandreu.cat\/index.php\/politica-de-cookies\/","title":{"rendered":"Pol\u00edtica de cookies"},"content":{"rendered":"<header class=\"page-tit-row\">\n<h1 class=\"tit-pag\"><span class=\"tit\">Pol\u00edtica de cookies (galetes)<\/span><\/h1>\n<\/header>\n<div class=\"module-aside right\">\n<div class=\"main-content\">\n<section class=\"text-block\">\n<p class=\"text\">\u00daltima data d\u2019actualitzaci\u00f3: 22 de maig de 2018.<\/p>\n<p>FEM Sant Andreu utilitza cookies pr\u00f2pies i de tercers destinades a millorar el funcionament i la visualitzaci\u00f3 del lloc web, aix\u00ed com l\u2019experi\u00e8ncia d\u2019usuari. En cap cas les cookies o altres mitjans de naturalesa an\u00e0loga que es puguin utilitzar, serviran per emmagatzemar informaci\u00f3 que permeti identificar la persona f\u00edsica usu\u00e0ria. Amb l\u2019acc\u00e9s al lloc web de FEM Sant Andreu, l\u2019usuari consent l&#8217;\u00fas de cookies en aquest lloc web, les quals registren dades estad\u00edstiques an\u00f2nimes durant la navegaci\u00f3, conforme al Reial decret llei 13\/2012, de 30 de mar\u00e7.<\/p>\n<p><strong>Definici\u00f3 i funci\u00f3 de les cookies<\/strong><br \/>\nUna cookie (galeta) \u00e9s un fitxer que es descarrega a l\u2019ordinador o m\u00f2bil de l\u2019usuari en accedir a determinades p\u00e0gines web. Les cookies faciliten l\u2019\u00fas i la navegaci\u00f3 per una p\u00e0gina web, i permeten en posteriors accessos, entre altres funcions, utilitzar opcions de continguts o disseny escollides anteriorment, i obtenir informaci\u00f3 sobre els h\u00e0bits de navegaci\u00f3 de l&#8217;usuari.<\/p>\n<p><strong>Tipus de cookies:<\/strong><\/p>\n<ul class=\"dot-list\">\n<li>Pr\u00f2pies: s\u00f3n aquelles cookies que s\u2019envien a l\u2019equip terminal de l\u2019usuari des de l\u2019equip o domini gestionat pel propi editor i des de que es presta el servei sol\u00b7licitat per l\u2019usuari.<\/li>\n<li>De tercers: s\u00f3n aquelles que s\u2019envien a l\u2019equip terminal de l\u2019usuari des d\u2019un equip o domini que no \u00e9s gestionat per l\u2019editor, sin\u00f3 per una altra entitat que tracta les dades obtingudes a trav\u00e9s de les cookies.<\/li>\n<li>D\u2019an\u00e0lisi: s\u00f3n aquelles que permeten al responsable de les mateixes, el seguiment i an\u00e0lisi del comportament dels usuaris dels llocs web als que estan vinculades. Aquest tipus de cookies permeten quantificar el nombre d&#8217;usuaris i de visites a un lloc determinat. Aquestes dades estad\u00edstiques de la navegaci\u00f3 a les p\u00e0gines web permeten millorar la composici\u00f3 dels espais web i l&#8217;oferta dels serveis.<\/li>\n<\/ul>\n<p class=\"text\">\n<strong>Forma de desactivar o eliminar les cookies<\/strong><br \/>\nLes persones usu\u00e0ries poden permetre, bloquejar o eliminar les cookies instal\u00b7lades al seu equip, mitjan\u00e7ant la configuraci\u00f3 de les opcions del seu navegador. A continuaci\u00f3 s\u2019inclouen els vincles per gestionar cookies en els navegadors m\u00e9s rellevants:<\/p>\n<ul class=\"dot-list\">\n<li><a href=\"https:\/\/support.mozilla.org\/ca\/kb\/Galetes\">Mozilla Firefox<\/a><\/li>\n<li><a href=\"https:\/\/support.google.com\/chrome\/answer\/95647?hl=ca\">Google Chrome<\/a><\/li>\n<li><a href=\"http:\/\/windows.microsoft.com\/en-gb\/internet-explorer\/delete-manage-cookies\">Internet Explorer<\/a><\/li>\n<li><a href=\"https:\/\/support.apple.com\/kb\/PH11913\">Safari<\/a><\/li>\n<li><a href=\"https:\/\/support.apple.com\/kb\/HT1677\">Safari per a iOS (iPhone, iPad)<\/a><\/li>\n<li><a href=\"https:\/\/www.macromedia.com\/support\/documentation\/en\/flashplayer\/help\/settings_manager07.html\">Cookies Flash<\/a><\/li>\n<\/ul>\n<p class=\"text\">En el sup\u00f2sit de no acceptaci\u00f3 de les cookies, \u00e9s possible que la p\u00e0gina web o algunes de les seves funcionalitats no funcionin correctament.<\/p>\n<p><strong>Informaci\u00f3 sobre les dades obtingudes<\/strong><br \/>\nLa informaci\u00f3 obtinguda per les cookies \u00e9s tractada exclusivament per FEM Sant Andreu mitjan\u00e7ant el servei Google Analytics. Per accedir a les condicions legals de Google Analytics pots\u00a0<a href=\"https:\/\/www.google.com\/analytics\/terms\/us.html\">clicar aqu\u00ed<\/a>.<\/p>\n<\/section>\n<\/div>\n<\/div>\n<!-- AddThis Advanced Settings generic via filter on the_content --><!-- AddThis Share Buttons generic via filter on the_content -->","protected":false},"excerpt":{"rendered":"<p>Pol\u00edtica de cookies (galetes) \u00daltima data d\u2019actualitzaci\u00f3: 22 de maig de 2018. FEM Sant Andreu utilitza cookies pr\u00f2pies i de tercers destinades a millorar el funcionament i la visualitzaci\u00f3 del lloc web, aix\u00ed com l\u2019experi\u00e8ncia d\u2019usuari. En cap cas les cookies o altres mitjans de naturalesa an\u00e0loga que es puguin [&hellip;]<!-- AddThis Advanced Settings generic via filter on get_the_excerpt --><!-- AddThis Share Buttons generic via filter on get_the_excerpt --><\/p>\n","protected":false},"author":3,"featured_media":0,"parent":0,"menu_order":0,"comment_status":"closed","ping_status":"closed","template":"","meta":{"_eb_attr":"","_monsterinsights_skip_tracking":false,"_monsterinsights_sitenote_active":false,"_monsterinsights_sitenote_note":"","_monsterinsights_sitenote_category":0,"_uf_show_specific_survey":0,"_uf_disable_surveys":false,"ngg_post_thumbnail":0,"footnotes":"","_links_to":"","_links_to_target":""},"class_list":["post-94","page","type-page","status-publish","hentry"],"aioseo_notices":[],"_links":{"self":[{"href":"https:\/\/femsantandreu.cat\/index.php\/wp-json\/wp\/v2\/pages\/94","targetHints":{"allow":["GET"]}}],"collection":[{"href":"https:\/\/femsantandreu.cat\/index.php\/wp-json\/wp\/v2\/pages"}],"about":[{"href":"https:\/\/femsantandreu.cat\/index.php\/wp-json\/wp\/v2\/types\/page"}],"author":[{"embeddable":true,"href":"https:\/\/femsantandreu.cat\/index.php\/wp-json\/wp\/v2\/users\/3"}],"replies":[{"embeddable":true,"href":"https:\/\/femsantandreu.cat\/index.php\/wp-json\/wp\/v2\/comments?post=94"}],"version-history":[{"count":0,"href":"https:\/\/femsantandreu.cat\/index.php\/wp-json\/wp\/v2\/pages\/94\/revisions"}],"wp:attachment":[{"href":"https:\/\/femsantandreu.cat\/index.php\/wp-json\/wp\/v2\/media?parent=94"}],"curies":[{"name":"wp","href":"https:\/\/api.w.org\/{rel}","templated":true}]}}